b + v. List the prime factors of m.
2
Let f = -38 - -62. Let k = f - 9. List the prime factors of k.
3, 5
What are the prime factors of 50 + 4 + -10 + 3?
47
Let x = 92 - 112. Let k(s) = -s**3 - 3*s**2 + 4*s + 4. Let c be k(-5). Let l = c + x. List the prime factors of l.
2, 7
Suppose 2*b = 5*w - 333, 2*w - 5*b + 240 = 6*w. Suppose 0 = m + 4*m - w. List the prime factors of m.
13
Let t be (-5)/(-15) - 2/(-3). Let f(w) = 0 + 2*w**2 - t + 1 + w. What are the prime factors of f(-3)?
3, 5
What are the prime factors of (-9)/(9/(-4))*373/4?
373
Suppose 2*x = -3*x - 10. Let u be 3 + 0 + (x - 0). What are the prime factors of 1/(-1)*-9*u?
3
Let n(d) = 8*d. Let h be n(1). Let b(f) = 2*f - 9. Let i be b(h). Let v = 17 - i. List the prime factors of v.
2, 5
Suppose -17*z + 16*z + 77 = 0. List the prime factors of z.
7, 11
Suppose 7*d - 24 = -d. Let m(v) be the first derivative of 2*v**3/3 - 3*v**2/2 + 2*v - 1. List the prime factors of m(d).
11
Let z(o) = 2*o**2 + 9*o - 10. Let b(y) = y**2 + 8*y - 10. Let m(t) = -3*b(t) + 2*z(t). What are the prime factors of m(5)?
5
Let a(b) = 2*b**2 + 16*b + 40. What are the prime factors of a(-12)?
2, 17
Let c(b) = b**3 - 3*b**2 + b + 2. Let h be c(3). Suppose -h = -3*j + 1. Let f = j - -4. What are the prime factors of f?
2, 3
Suppose -3 + 11 = 4*c. Let r be (6/(-4))/(c/(-4)). Suppose -t - 10 = -r*t, -5*v - 5*t + 40 = 0. What are the prime factors of v?
3
Let g = -9 - -14. Suppose g*t = 4*h + 140, -2 = -h + 3. What are the prime factors of t?
2
List the prime factors of (-4)/18 - (-2598)/27.
2, 3
Let t = -15 + 10. Let i be (t/2)/((-1)/2). Let l(w) = w**2 - 3*w + 5. List the prime factors of l(i).
3, 5
Let a = 0 + 5. Let r(u) = -u**2 + 5*u. Let o be r(a). Let l = 9 - o. List the prime factors of l.
3
Suppose -430 = -2*n - 3*n. What are the prime factors of n?
2, 43
Let x = -129 + 284. List the prime factors of x.
5, 31
Let w be ((-3)/2)/(4/16). Let k = w - -11. What are the prime factors of k?
5
Let p(l) = l**3 - 2*l**2 + 1. Let y be p(-1). What are the prime factors of y/(-4) + 99/6?
17
Suppose -3*v - 60 = 2*v. Let p = -5 - v. List the prime factors of p.
7
Suppose -3*o + 20 = -2*u, -3*u + 2*o = 3*o + 8. Let a be 1/4 - 83/u. Suppose l = -2*l + a. What are the prime factors of l?
7
Let p = 10 + -6. Let l(r) = -r**2 + 8*r + 5. Let c be l(p). Suppose -c + 1 = -2*d. List the prime factors of d.
2, 5
Suppose -2*c - c = 15. Suppose 0*b + 1 = b. What are the prime factors of -10*b*2/c?
2
Let d(n) = -n**3 - 3*n**2 + 3*n + 4. Let f = -10 + 6. Let k be d(f). List the prime factors of k/20 + 23/5.
5
Suppose 2*d - 350 = -3*d. Suppose -5*p - d = -2*b - 3*b, -3*b + 22 = 2*p. List the prime factors of b.
2, 5
Let h = 107 + -55. List the prime factors of h.
2, 13
List the prime factors of (-2452)/(-18) + 4/(-18).
2, 17
What are the prime factors of 1 + 1 - (0 + -12)?
2, 7
Let k be 21/6 - (-3)/(-2). Let n = 2 + 0. Suppose k*w + u = 3*u + 30, u = n*w - 27. List the prime factors of w.
2, 3
What are the prime factors of (-808)/(-6) + (32/(-12) - -2)?
2, 67
Let c = 67 + -36. Suppose -c = 5*g - 1. Let u = g + 10. What are the prime factors of u?
2
Let m be (-3)/4*(-6 - -2). Suppose 0 = 4*c + 2*i + i - 340, 0 = 3*c - 3*i - 255. Suppose -m*b = 4*a - 51, a - c = -5*b - a. List the prime factors of b.
17
List the prime factors of (171/(7 - 4))/(3/2).
2, 19
Let w(m) = m**3 + 6*m**2 + m + 5. Suppose f + s = -5, -2*f - 2*s = s + 10. List the prime factors of w(f).
5
Let v(k) = -4*k**3 + 2*k**2 - 1. Let x be v(2). Suppose -143 = -4*b - 5*y, 2*b = -b + 3*y + 114. Let z = b + x. What are the prime factors of z?
2, 3
Let q = 754 + -474. List the prime factors of q.
2, 5, 7
Let g(w) = 6 + 6*w - 7*w**2 - w**2 + 11*w**2. List the prime factors of g(-4).
2, 3, 5
Let w = 8 + -17. Let j = -4 - w. What are the prime factors of j?
5
Suppose -10 = 3*y + 56. Let k = 35 + y. List the prime factors of k.
13
Let n be 2/(-9) + (-6)/(-27). Let h = 1 - n. List the prime factors of 14*((-1)/h)/(-2).
7
Let h = -229 + 326. What are the prime factors of h?
97
Let l be (1 - -3) + (1 - 3). Let o be (-5)/(-2) + l/(-4). Suppose a = o*a - 2. What are the prime factors of a?
2
Let z(o) = o**2 - 5*o + 3. Let m(b) = -3*b - 14. Let u be m(-10). Let p = u + -11. What are the prime factors of z(p)?
3
Let z be ((-15)/(-9) - 0)*3. Suppose 2*h - 16 = z*n, -4*n = 2*h - 14 - 2. List the prime factors of h.
2
Let r = 42 + -20. Suppose -5*a + 14 = -3*a. Suppose 3*h - r = -a. List the prime factors of h.
5
Suppose 0*p - 5*l = 5*p + 110, -4*p + 2*l = 82. Let a = 32 + p. What are the prime factors of a?
11
Suppose -3*p - 1 + 13 = 0. Let i be 4/4*1*12. Suppose -p*x + a = 6*a - 48, a - i = -x. List the prime factors of x.
2, 3
Let j(x) be the second derivative of -x**3/6 + x**2 + 3*x. Let n be j(9). Let d(c) = c**3 + 7*c**2 - c - 4. List the prime factors of d(n).
3
Let s(y) = -4*y - 11. List the prime factors of s(-9).
5
Let a(h) = 6*h + 2. Let c be a(2). Let t be 24/c + 6/21. Suppose -t*s = -5*w + 120, 0 = -3*w + s + 3*s + 86. What are the prime factors of w?
2, 11
Let o(m) = -m**2 - 7*m + 3. Let x be o(-7). Let f be x - ((0 - 1) + 20). Let s = f + 24. What are the prime factors of s?
2
Suppose -5*l + 254 = -271. List the prime factors of l.
3, 5, 7
Let a(i) = -16*i + 55. What are the prime factors of a(-5)?
3, 5
Let w = 8 - -2. Let d(i) = -i**2 - 2*i - 1. Let s be d(-1). Suppose s = 3*j - j - 8, -5*j + w = -2*c. List the prime factors of c.
5
Suppose -g - 4*g + 145 = 4*z, -3*g = -3. What are the prime factors of z?
5, 7
Suppose -19 = 5*a - 6*a + 3*t, 2*t - 76 = -4*a. What are the prime factors of a?
19
Let p(a) = 2*a**3 - 11*a**2 + 14*a - 3. Let i(x) = x**3 + x. Let g(q) = -i(q) + p(q). List the prime factors of g(10).
3
Suppose 27 + 9 = 6*d. List the prime factors of d.
2, 3
Suppose 0*b - 5*b = -25. Suppose s + 20 = 3*j, 0 = b*j + 2*s + s - 10. Suppose 4*g - 3*g - j*u - 23 = 0, -g - 5*u + 3 = 0. What are the prime factors of g?
13
Let h = 21 - -21. Let o be (-77)/h - 1/6. List the prime factors of o/2 - (0 - 16).
3, 5
Suppose 3*f = -5*g - 8 - 13, 2*f + 2*g = -10. List the prime factors of (-6 - -7)*(-12)/f.
2, 3
Let g be ((-12)/15 + 0)*10. Let a be (-1)/(-3) + g/(-3). Let y = a + 3. What are the prime factors of y?
2, 3
Let t(c) = c**3 - 3*c + 2. Let n(h) = h**2 - 9*h + 8. Let f be n(7). Let d = -4 - f. List the prime factors of t(d).
2
Let q = 123 - 22. List the prime factors of q.
101
Let v(r) be the third derivative of -17*r**4/24 - r**3/6 + 4*r**2. List the prime factors of v(-1).
2
Let w be 2/5*(0 + 5). Suppose 26 + 4 = w*b. What are the prime factors of b?
3, 5
Suppose p - 17 = 28. What are the prime factors of p?
3, 5
Let f(j) = -5*j - 1. List the prime factors of f(-8).
3, 13
Suppose -1 = -2*l - 3*i - 9, -4*l - 5*i = 14. List the prime factors of 196/12 + l/3.
2
Suppose 5*k - 25 = -5*r, -4*k - 8 = -2*r + 2. Suppose -36 = -5*g + x - 2*x, -4*g + r*x + 52 = 0. List the prime factors of g.
2
Let y(g) = 0 + 2 + 0*g**2 + g + 3*g**2 - 2*g**2. What are the prime factors of y(-3)?
2
Suppose 3*n + 12 = 0, n + 31 = 3*v - 3*n. Suppose 0 = -v*c - 3*p + 107, 2*c - 3*p = 3*c - 19. List the prime factors of c.
2, 11
Suppose 4*x + 5*d = -244, -2*x - 35 - 87 = -5*d. Let t = -17 - x. What are the prime factors of t?
2, 11
What are the prime factors of 14 - (3 - 4)*1?
3, 5
Suppose -10 = 3*z + 5, -z + 141 = v. What are the prime factors of v?
2, 73
Let a be 104/3 + (-3)/(-9). Suppose 5*z - 30 = -0*z. Suppose a = z*p - p. List the prime factors of p.
7
Let l(c) = 7*c - 15. List the prime factors of l(7).
2, 17
Let y be (-86)/(-6) - 3/9. Suppose -4*n + 6*n - 56 = -4*x, y = x - 2*n. List the prime factors of x.
2, 7
Let l = 7 - 2. Suppose 0*b = -4*b + m - 35, 3*b = -l*m - 55. List the prime factors of ((-6)/(-5))/((-2)/b).
2, 3
Suppose 3*k = -0*k + 9. What are the prime factors of (9 + 6)*1/k?
5
What are the prime factors of ((-21)/14)/(3/(-20))?
2, 5
Suppose h = 2*h - 6. Suppose -4*i - 3*p + 15 = 0, 2*p + h = 5*i - 7. List the prime factors of i.
3
Let j(s) = -s + 8. Let y be j(6). Suppose -3*c = -34 - 11. List the prime factors of y/(-5) + 36/c.
2
Suppose -r = 4*r + 70. List the prime factors of 2 + (1 - r) - 0.
17
Suppose -g + 5 = c, 0*c - 20 = -4*c - 5*g. Let d = -46 + 88. Suppose -53 = -c*l + 